{"id":71,"date":"2023-11-06T22:23:48","date_gmt":"2023-11-06T20:23:48","guid":{"rendered":"https:\/\/olzy.eu\/riiul\/?page_id=71"},"modified":"2023-11-19T22:24:13","modified_gmt":"2023-11-19T20:24:13","slug":"riiul-2","status":"publish","type":"page","link":"https:\/\/olzy.eu\/riiul\/riiul-2\/","title":{"rendered":"Riiul #2"},"content":{"rendered":"\n<p><em>Filmide ja sarjade maailm<\/em><\/p>\n\n\n\n<details class=\"wp-block-details is-layout-flow wp-block-details-is-layout-flow\"><summary>The Perks of Being a Wallflower(2012)<\/summary>\n<p><\/p>\n\n\n\n<div class=\"wp-block-media-text is-stacked-on-mobile\" style=\"grid-template-columns:25% auto\"><figure class=\"wp-block-media-text__media\"><img loading=\"lazy\" decoding=\"async\" width=\"487\" height=\"720\" src=\"https:\/\/olzy.eu\/riiul\/wp-content\/uploads\/2023\/11\/wallflower.jpg\" alt=\"\" class=\"wp-image-103 size-full\" srcset=\"https:\/\/olzy.eu\/riiul\/wp-content\/uploads\/2023\/11\/wallflower.jpg 487w, https:\/\/olzy.eu\/riiul\/wp-content\/uploads\/2023\/11\/wallflower-203x300.jpg 203w\" sizes=\"auto, (max-width: 487px) 100vw, 487px\" \/><\/figure><div class=\"wp-block-media-text__content\">\n<p><em>102min &#8211; draama,romantika.<\/em><\/p>\n\n\n\n<p>\u00dcks lemmikuimatest t\u00f5sistest filmidest, kus m\u00e4ngib ka tuntud Emma Watson. Film on \u00fchest vaiksest poisist, kes on g\u00fcmnaasiumis uustulnuk ja kellel on lapsep\u00f5lve trauma. S\u00f5pru tal pole kuni teda v\u00f5tavad selstkonda 2 vanemat &nbsp;g\u00fcmnaasiumi \u00f5pilast. Minu arvamus: t\u00f5siselt hea t\u00f5sine film. Hea kodus mugavalt vaadata. <br><strong>Peaosades<\/strong>: Emma Watson, Logan Lerman, Ezra Miller<br><strong>Minu hinne<\/strong>: 8.9\/10<\/p>\n\n\n\n<p><a href=\"https:\/\/www.youtube.com\/watch?v=n5rh7O4IDc0\" data-type=\"link\" data-id=\"https:\/\/www.youtube.com\/watch?v=n5rh7O4IDc0\" target=\"_blank\" rel=\"noreferrer noopener\">Treileri link (youtube)<\/a><\/p>\n<\/div><\/div>\n<\/details>\n\n\n\n<details class=\"wp-block-details is-layout-flow wp-block-details-is-layout-flow\"><summary>People Like Us(2012)<\/summary>\n<p><\/p>\n\n\n\n<div class=\"wp-block-media-text is-stacked-on-mobile\" style=\"grid-template-columns:23% auto\"><figure class=\"wp-block-media-text__media\"><img loading=\"lazy\" decoding=\"async\" width=\"485\" height=\"720\" src=\"https:\/\/olzy.eu\/riiul\/wp-content\/uploads\/2023\/11\/people.jpg\" alt=\"\" class=\"wp-image-115 size-full\" srcset=\"https:\/\/olzy.eu\/riiul\/wp-content\/uploads\/2023\/11\/people.jpg 485w, https:\/\/olzy.eu\/riiul\/wp-content\/uploads\/2023\/11\/people-202x300.jpg 202w\" sizes=\"auto, (max-width: 485px) 100vw, 485px\" \/><\/figure><div class=\"wp-block-media-text__content\">\n<p><em>114min &#8211; draama<\/em><\/p>\n\n\n\n<p>Hiljuti isa kaotuse l\u00e4bi elanud ja tema p\u00e4randi saanud m\u00fc\u00fcgimehest poeg avastab, et tal on \u00f6de kellest ta kunagi ei teadnud. Mis viib l\u00e4bi m\u00f5tlema pereelu ja elu valikud.V\u00e4ga hea ja s\u00fcdant soojendav film.<\/p>\n\n\n\n<p><strong>Peaosades:&nbsp;<\/strong>Chris Pine, Elizabeth Banks, Olivia Wilde, Jon Favreau, Michelle Pfeiffer <\/p>\n\n\n\n<p><strong>Minu hinne:&nbsp;<\/strong>8\/10<\/p>\n\n\n\n<p><a href=\"https:\/\/www.youtube.com\/watch?v=0OVGAOJ7N-c\" target=\"_blank\" rel=\"noreferrer noopener\">Treileri link (Youtube)<\/a><\/p>\n<\/div><\/div>\n<\/details>\n\n\n\n<details class=\"wp-block-details is-layout-flow wp-block-details-is-layout-flow\"><summary>The Edge of Seventeen(2016)<\/summary>\n<p><\/p>\n\n\n\n<div class=\"wp-block-media-text is-stacked-on-mobile\" style=\"grid-template-columns:25% auto\"><figure class=\"wp-block-media-text__media\"><img loading=\"lazy\" decoding=\"async\" width=\"675\" height=\"1000\" src=\"https:\/\/olzy.eu\/riiul\/wp-content\/uploads\/2023\/11\/edge-1.jpg\" alt=\"\" class=\"wp-image-128 size-full\" srcset=\"https:\/\/olzy.eu\/riiul\/wp-content\/uploads\/2023\/11\/edge-1.jpg 675w, https:\/\/olzy.eu\/riiul\/wp-content\/uploads\/2023\/11\/edge-1-203x300.jpg 203w, https:\/\/olzy.eu\/riiul\/wp-content\/uploads\/2023\/11\/edge-1-624x924.jpg 624w\" sizes=\"auto, (max-width: 675px) 100vw, 675px\" \/><\/figure><div class=\"wp-block-media-text__content\">\n<p><em>104&nbsp;min &#8211; kom\u00f6\u00f6dia, draama<\/em><\/p>\n\n\n\n<p>Noore plika kooli elu muutub aina keerulisemaks kui ta ainus s\u00f5ber hakkab k\u00e4ima tema oma vennaga. Film on teismelise t\u00fcrdruku raskest elust mille on p\u00f5hjustanud enam jaolt tema raske lapsep\u00f5lv ja vanemad.<\/p>\n\n\n\n<p><strong>Peaosades:&nbsp;<\/strong>Hailee Steinfeld, Woody Harrelson, Kyra Sedgwick<\/p>\n\n\n\n<p><strong>Minu hinne:<\/strong>&nbsp;6.8<\/p>\n\n\n\n<p><a href=\"https:\/\/www.youtube.com\/watch?v=vswj96INhmo\" data-type=\"link\" data-id=\"https:\/\/www.youtube.com\/watch?v=vswj96INhmo\" target=\"_blank\" rel=\"noreferrer noopener\">Treileri link (Youtube)<\/a><\/p>\n<\/div><\/div>\n<\/details>\n\n\n\n<details class=\"wp-block-details is-layout-flow wp-block-details-is-layout-flow\"><summary>How Do You Know(2010)<\/summary>\n<div class=\"wp-block-media-text is-stacked-on-mobile\" style=\"grid-template-columns:24% auto\"><figure class=\"wp-block-media-text__media\"><img loading=\"lazy\" decoding=\"async\" width=\"387\" height=\"580\" src=\"https:\/\/olzy.eu\/riiul\/wp-content\/uploads\/2023\/11\/howdoyouknow.jpg\" alt=\"\" class=\"wp-image-132 size-full\" srcset=\"https:\/\/olzy.eu\/riiul\/wp-content\/uploads\/2023\/11\/howdoyouknow.jpg 387w, https:\/\/olzy.eu\/riiul\/wp-content\/uploads\/2023\/11\/howdoyouknow-200x300.jpg 200w\" sizes=\"auto, (max-width: 387px) 100vw, 387px\" \/><\/figure><div class=\"wp-block-media-text__content\">\n<p><em>121 min &#8211; kom\u00f6\u00f6dia, draama, romantika<\/em><\/p>\n\n\n\n<p>P\u00e4rast seda kui Lisa-t ei v\u00f5etud pesapalli meeskonda, hakkab ta enda elu teisest k\u00fcljest vaatama ja hindama. Tekib v\u00e4ike armu kolmnurk. \u00dcpris omap\u00e4rase iseloomuga tegelased ja erinevad vaated elule kuidas paremini hakkama saada.&nbsp;<\/p>\n\n\n\n<p><strong>Peaosades:&nbsp;<\/strong>Reese Witherspoon, Owen Wilson, Paul Rudd, Jack Nicholson<\/p>\n\n\n\n<p><strong>Minu hinne:<\/strong>&nbsp;7.6<\/p>\n\n\n\n<p><a href=\"https:\/\/www.youtube.com\/watch?v=bS7CmZdhwmQ\" data-type=\"link\" data-id=\"https:\/\/www.youtube.com\/watch?v=bS7CmZdhwmQ\" target=\"_blank\" rel=\"noreferrer noopener\">Treileri link (Youtube)<\/a><\/p>\n<\/div><\/div>\n<\/details>\n\n\n\n<details class=\"wp-block-details is-layout-flow wp-block-details-is-layout-flow\"><summary>Celeste &amp; Jesse Forever (2012)<\/summary>\n<p><\/p>\n\n\n\n<div class=\"wp-block-media-text is-stacked-on-mobile\" style=\"grid-template-columns:25% auto\"><figure class=\"wp-block-media-text__media\"><img loading=\"lazy\" decoding=\"async\" width=\"214\" height=\"317\" src=\"https:\/\/olzy.eu\/riiul\/wp-content\/uploads\/2023\/11\/celeste.jpg\" alt=\"\" class=\"wp-image-138 size-full\" srcset=\"https:\/\/olzy.eu\/riiul\/wp-content\/uploads\/2023\/11\/celeste.jpg 214w, https:\/\/olzy.eu\/riiul\/wp-content\/uploads\/2023\/11\/celeste-203x300.jpg 203w\" sizes=\"auto, (max-width: 214px) 100vw, 214px\" \/><\/figure><div class=\"wp-block-media-text__content\">\n<p><em>92 min &#8211; kom\u00f6\u00f6dia, draama, romantika<\/em><\/p>\n\n\n\n<p>Celeste ja Jesse on olnud igavesti parimad s\u00f5brad. Nad olid koos keskkoolis, siis nad abiellusid ja n\u00fc\u00fcd nad lahutavad. Nende parimad s\u00f5brad ei usu, et nad suudavad s\u00e4ilitada oma s\u00f5pruse kui nende abielu l\u00e4heb laiali. Kuid Celeste ja Jesse ei usu, et sellega tekib probleeme. Aga see on enne kui Jesse satub suhtesse, millesse Celeste ei usu, et ta saab hakkama. Ja Celeste leiab, et on palju raskem edasi liikuda kui ta algselt arvas.<\/p>\n\n\n\n<p><strong>Peaosades:&nbsp;<\/strong>Rashida Jones, Andy Samberg<\/p>\n\n\n\n<p><strong>Minu hinne:<\/strong>&nbsp;7.9\/10<\/p>\n\n\n\n<p><a href=\"https:\/\/www.youtube.com\/watch?v=aJYjR00zCMc\" data-type=\"link\" data-id=\"https:\/\/www.youtube.com\/watch?v=aJYjR00zCMc\" target=\"_blank\" rel=\"noreferrer noopener\">Treileri link (Youtube)<\/a><\/p>\n<\/div><\/div>\n<\/details>\n\n\n\n<details class=\"wp-block-details is-layout-flow wp-block-details-is-layout-flow\"><summary>The Vicious Kind (2009)<\/summary>\n<p><\/p>\n\n\n\n<div class=\"wp-block-media-text is-stacked-on-mobile\" style=\"grid-template-columns:25% auto\"><figure class=\"wp-block-media-text__media\"><img loading=\"lazy\" decoding=\"async\" width=\"214\" height=\"317\" src=\"https:\/\/olzy.eu\/riiul\/wp-content\/uploads\/2023\/11\/vicious.jpg\" alt=\"\" class=\"wp-image-142 size-full\" srcset=\"https:\/\/olzy.eu\/riiul\/wp-content\/uploads\/2023\/11\/vicious.jpg 214w, https:\/\/olzy.eu\/riiul\/wp-content\/uploads\/2023\/11\/vicious-203x300.jpg 203w\" sizes=\"auto, (max-width: 214px) 100vw, 214px\" \/><\/figure><div class=\"wp-block-media-text__content\">\n<p><em>92 min &#8211; kom\u00f6\u00f6dia, draama<\/em><\/p>\n\n\n\n<p>A man tries to warn his brother away from the new girlfriend he brings home during Thanksgiving, but ends up becoming infatuated with her in the process.<\/p>\n\n\n\n<p><strong>Peaosades:&nbsp;<\/strong>Adam Scott, Alex Frost, Brittany Snow, J.K Simmons<\/p>\n\n\n\n<p><strong>Minu hinne:\u00a0<\/strong>8\/10<\/p>\n\n\n\n<p><a href=\"https:\/\/www.youtube.com\/watch?v=8WwgfenauD0\" data-type=\"link\" data-id=\"https:\/\/www.youtube.com\/watch?v=8WwgfenauD0\" target=\"_blank\" rel=\"noreferrer noopener\">Treileri link (Youtube)<\/a><\/p>\n<\/div><\/div>\n<\/details>\n","protected":false},"excerpt":{"rendered":"<p>Filmide ja sarjade maailm<\/p>\n","protected":false},"author":1,"featured_media":0,"parent":0,"menu_order":0,"comment_status":"closed","ping_status":"closed","template":"","meta":{"footnotes":""},"class_list":["post-71","page","type-page","status-publish","hentry"],"_links":{"self":[{"href":"https:\/\/olzy.eu\/riiul\/wp-json\/wp\/v2\/pages\/71","targetHints":{"allow":["GET"]}}],"collection":[{"href":"https:\/\/olzy.eu\/riiul\/wp-json\/wp\/v2\/pages"}],"about":[{"href":"https:\/\/olzy.eu\/riiul\/wp-json\/wp\/v2\/types\/page"}],"author":[{"embeddable":true,"href":"https:\/\/olzy.eu\/riiul\/wp-json\/wp\/v2\/users\/1"}],"replies":[{"embeddable":true,"href":"https:\/\/olzy.eu\/riiul\/wp-json\/wp\/v2\/comments?post=71"}],"version-history":[{"count":29,"href":"https:\/\/olzy.eu\/riiul\/wp-json\/wp\/v2\/pages\/71\/revisions"}],"predecessor-version":[{"id":144,"href":"https:\/\/olzy.eu\/riiul\/wp-json\/wp\/v2\/pages\/71\/revisions\/144"}],"wp:attachment":[{"href":"https:\/\/olzy.eu\/riiul\/wp-json\/wp\/v2\/media?parent=71"}],"curies":[{"name":"wp","href":"https:\/\/api.w.org\/{rel}","templated":true}]}}