{"id":23,"date":"2023-11-06T20:53:09","date_gmt":"2023-11-06T18:53:09","guid":{"rendered":"https:\/\/olzy.eu\/riiul\/?page_id=23"},"modified":"2023-11-06T21:23:37","modified_gmt":"2023-11-06T19:23:37","slug":"about","status":"publish","type":"page","link":"https:\/\/olzy.eu\/riiul\/about\/","title":{"rendered":"Mis koht see on?"},"content":{"rendered":"\n<p>See on minu koht kus saad kursis olla minu veebi tegemistega. Olen varem tegelenud programmeerimisega,see oli umbes 15 aastat tagasi ja n\u00fc\u00fcd tuli m\u00f5tte uuesti uurida ja katsetada veebimaailmas sisu loomisega. Mida t\u00e4pselt tegema hakkan on veel h\u00e4gune. M\u00f5tteid ja ideid liigub peas hetkel palju, otsin midagi mis teistele ka huvi pakuks mitte vaid endale meelelahutuseks. P\u00fcsige lainel.<\/p>\n\n\n\n<div style=\"height:100px\" aria-hidden=\"true\" class=\"wp-block-spacer\"><\/div>\n","protected":false},"excerpt":{"rendered":"<p>See on minu koht kus saad kursis olla minu veebi tegemistega. Olen varem tegelenud programmeerimisega,see oli umbes 15 aastat tagasi ja n\u00fc\u00fcd tuli m\u00f5tte uuesti uurida ja katsetada veebimaailmas sisu loomisega. Mida t\u00e4pselt tegema hakkan on veel h\u00e4gune. M\u00f5tteid ja ideid liigub peas hetkel palju, otsin midagi mis teistele ka huvi pakuks mitte vaid endale [&hellip;]<\/p>\n","protected":false},"author":1,"featured_media":21,"parent":0,"menu_order":0,"comment_status":"closed","ping_status":"closed","template":"","meta":{"footnotes":""},"class_list":["post-23","page","type-page","status-publish","has-post-thumbnail","hentry"],"_links":{"self":[{"href":"https:\/\/olzy.eu\/riiul\/wp-json\/wp\/v2\/pages\/23","targetHints":{"allow":["GET"]}}],"collection":[{"href":"https:\/\/olzy.eu\/riiul\/wp-json\/wp\/v2\/pages"}],"about":[{"href":"https:\/\/olzy.eu\/riiul\/wp-json\/wp\/v2\/types\/page"}],"author":[{"embeddable":true,"href":"https:\/\/olzy.eu\/riiul\/wp-json\/wp\/v2\/users\/1"}],"replies":[{"embeddable":true,"href":"https:\/\/olzy.eu\/riiul\/wp-json\/wp\/v2\/comments?post=23"}],"version-history":[{"count":6,"href":"https:\/\/olzy.eu\/riiul\/wp-json\/wp\/v2\/pages\/23\/revisions"}],"predecessor-version":[{"id":46,"href":"https:\/\/olzy.eu\/riiul\/wp-json\/wp\/v2\/pages\/23\/revisions\/46"}],"wp:featuredmedia":[{"embeddable":true,"href":"https:\/\/olzy.eu\/riiul\/wp-json\/wp\/v2\/media\/21"}],"wp:attachment":[{"href":"https:\/\/olzy.eu\/riiul\/wp-json\/wp\/v2\/media?parent=23"}],"curies":[{"name":"wp","href":"https:\/\/api.w.org\/{rel}","templated":true}]}}